 4
-30032313310
56742 (base 14) to base 13
7475b
What is 85c426 (base 16) in base 14?
1242b0a
Convert aea02 (base 16) to base 9.
1310140
What is 3a0a453 (base 11) in base 2?
11010011110000110100101
What is -167598c (base 13) in base 9?
-14605543
What is 32504160 (base 7) in base 2?
1010101001100000000001
What is -131213421 (base 5) in base 6?
-21515534
Convert -1415505 (base 10) to base 13.
-3a73a0
-11111100111010100 (base 2) to base 6
-2435300
44694 (base 12) to base 13
32461
What is -166101641 (base 7) in base 13?
-24a2398
Convert -432243 (base 5) to base 6.
-152014
Convert -252406 (base 15) to base 8.
-6623513
Convert 26157 (base 11) to base 12.
1980b
2578b (base 12) to base 9
77238
Convert 10153325 (base 8) to base 11.
123aa3a
Convert 211022210112 (base 3) to base 16.
6b48f
Convert -7127005 (base 8) to base 12.
-767859
1323023032 (base 4) to base 10
504526
-232032122120 (base 4) to base 14
-18760ac
120121012020 (base 3) to base 16
4af6a
-42004511 (base 6) to base 3
-2021200102221
Convert 10143704 (base 10) to base 11.
57a912a
What is -112231130 (base 4) in base 8?
-265534
What is 1cece0 (base 16) in base 3?
10120022100012
What is 31301051 (base 6) in base 8?
3361327
-17a611 (base 15) to base 11
-715184
-6165410 (base 8) to base 9
-3058080
221221200111210 (base 3) to base 12
47512b6
What is 161323 (base 7) in base 12?
16434
What is 222773 (base 9) in base 14?
36823
Convert 36638 (base 16) to base 12.
a8b08
What is -101001000101100011011101 (base 2) in base 12?
-3735025
Convert 301121102 (base 4) to base 3.
101021112102
111001101110000110000101 (base 2) to base 12
5098459
305064 (base 7) to base 16
cbd6
-1523204 (base 7) to base 4
-302230001
-21646c (base 16) to base 14
-40d740
What is 122112000110100 (base 3) in base 14?
1345000
What is -328053 (base 12) in base 4?
-3003300333
What is b187 (base 13) in base 16?
5f7f
-13321203 (base 4) to base 9
-48340
What is 1010101110010011011100 (base 2) in base 7?
32615425
Convert -213021323200 (base 4) to base 16.
-9c9ee0
1515222013 (base 6) to base 8
110404131
What is 18645e (base 15) in base 2?
100100001011101001110
-718673 (base 13) to base 12
-a77508
What is -8aeea2 (base 15) in base 11?
-381a631
What is -174755 (base 8) in base 4?
-33213231
1023664 (base 7) to base 14
331a4
Convert 43203ba (base 12) to base 3.
212221212200021
What is -10051207 (base 9) in base 4?
-102113330200
-213231211 (base 4) to base 5
-20201121
What is 26837 (base 16) in base 6?
3214155
What is -1478947 (base 11) in base 10?
-2530040
What is -4421301040 (base 5) in base 13?
-1c97994
Convert 398794 (base 11) to base 3.
1011211102110
7c07 (base 14) to base 2
101010000111111
-2aaea (base 15) to base 2
-100001100011111110
Convert -d805b (base 14) to base 10.
-521441
Convert 8d7976 (base 15) to base 10.
6758886
What is -1275720 (base 8) in base 11?
-226006
Convert -719b63 (base 12) to base 6.
-102051403
-1211103312 (base 4) to base 11
-263852
Convert 42055351 (base 7) to base 8.
15410515
379539 (base 10) to base 9
637560
Convert 2936151 (base 12) to base 2.
11111100110100001001101
What is -a53c0 (base 13) in base 9?
-502676
Convert -1302220201 (base 4) to base 7.
-3663625
10122122220022 (base 3) to base 12
7979bb
What is 829953 (base 11) in base 9?
2447474
11114140 (base 5) to base 11
67732
What is 1100545 (base 8) in base 6?
10154553
-24144555 (base 7) to base 11
-1236152
Convert 21cc9 (base 16) to base 5.
13412231
Convert -15302334 (base 6) to base 2.
-10000011001000010010
-105015 (base 7) to base 8
-44146
-34822 (base 12) to base 15
-15c68
Convert 30010103122 (base 4) to base 3.
12221201022021
Convert -4524c (base 14) to base 9.
-275213
What is 226a00 (base 14) in base 2?
100011101110111011000
Convert 27397 (base 16) to base 15.
3290d
-5385610 (base 9) to base 13
-7a2b51
12022112210 (base 3) to base 4
121203012
What is 10687 (base 12) in base 3?
1002202211
Convert -1e6ecb (base 16) to base 14.
-39cba3
What is 140604 (base 10) in base 8?
422474
-1205106 (base 7) to base 12
-74689
What is e4409 (base 16) in base 4?
3210100021
What is -15ae74 (base 15) in base 11?
-65756a
Convert -60a38 (base 11) to base 16.
-15c09
What is 14349 (base 14) in base 2?
1100001101111101
What is 1001011110101100 (base 2) in base 14?
10216
Convert 30136 (base 9) to base 3.
1000011020
1656cc (base 15) to base 12
441a86
Convert -119288 (base 15) to base 9.
-1521512
Convert 3d25 (base 14) to base 4.
2220331
Convert -10111110100100111001101 (base 2) to base 14.
-b87b41
What is 209269 (base 14) in base 11?
692084
Convert 110202010010 (base 3) to base 16.
3d3ec
13710 (base 13) to base 2
1000110111111100
-49320f (base 16) to base 4
-102103020033
What is -22121000201 (base 3) in base 6?
-3343031
-34327576 (base 8) to base 2
-11100011010111101111110
What is 3b97848 (base 12) in base 10?
11895032
Convert -1010001000011110010 (base 2) to base 3.
-121212102222
Convert -83945 (base 13) to base 5.
-30033112
What is -13596bb (base 16) in base 6?
-2002511311
Convert 22332264 (base 7) to base 2.
111011001110101100110
-1582963 (base 10) to base 12
-644097
What is -800 (base 11) in base 3?
-1022212
11020022101020 (base 3) to base 7
25060452
Convert -10807630 (base 10) to base 2.
-101001001110100101001110
What is 20154210 (base 6) in base 12?
238966
-2a47362 (base 12) to base 14
-11ca030
What is 1017925 (base 12) in base 7?
34446035
What is 536065 (base 11) in base 3?
1121112220110
What is -11434150 (base 8) in base 4?
-21203201220
Convert 12974 (base 15) to base 9.
100561
-772629 (base 11) to base 4
-10231011233
Convert -20200220123 (base 4) to base 7.
-24650552
-8284 (base 11) to base 10
-10982
What is 20a705 (base 12) in base 6?
15020405
-3781212 (base 9) to base 6
-112101532
-145123 (base 9) to base 15
-1b5b0
2331233030 (base 4) to base 8
2755714
Convert 1000122120121 (base 3) to base 12.
222b67
What is 335e8 (base 16) in base 13?
74a03
3ab368 (base 14) to base 10
2028496
What is 155816 (base 15) in base 3?
1221101112110
-19096 (base 10) to base 8
-45230
What is 12000456 (base 7) in base 9?
1883703
13061501 (base 7) to base 8
4427075
What is 2428893 (base 12) in base 11?
3a68143
Convert -103130211233 (base 4) to base 6.
-301133035
What is 771573 (base 9) in base 4?
1300122312
62d (base 14) to base 16
4c1
-13116 (base 10) to base 5
-404431
-ace15 (base 16) to base 15
-dec2c
What is -a99714 (base 11) in base 3?
-10022011120110
Convert -5c494 (base 13) to base 3.
-22122011001
10020110101 (base 4) to base 16
108511
What is 33a765 (base 13) in base 16?
12a88e
What is 3326009 (base 11) in base 5?
2443210423
What is 1767574 (base 8) in base 2?
1111110111101111100
What is -24211320 (base 8) in base 10?
-5313232
Convert 1111110100001000010 (base 2) to base 4.
1332201002
-35221515 (base 6) to base 15
-1686ae
What is -34385 (base 14) in base 10?
-126929
What is 3594537 (base 10) in base 2?
1101101101100100101001
-1101001000110011100111 (base 2) to base 11
-1a42538
Convert -55d92 (base 15) to base 6.
-5504102
Convert 604251 (base 8) to base 12.
97089
What is -1132413 (base 8) in base 5?
-34332431
What is b12981 (base 14) in base 10?
5961845
Convert -b5311 (base 13) to base 4.
-1033200231
Convert 27371337 (base 8) to base 13.
1377612
133330010020 (base 4) to base 3
120202100220011
-1110101001011101000 (base 2) to base 6
-14142040
Convert -40883 (base 13) to base 16.
-1c3f7
-11011200110 (base 3) to base 2
-10100000011100010
What is -7235793 (base 10) in base 2?
-11011100110100011010001
93c9a (base 14) to base 15
70944
Convert -2a1b57 (base 13) to base 14.
-1cc2d6
What is -282516 (base 9) in base 4?
-222012300
Convert -1010001001011101011001 (base 2) to base 15.
-37830a
132255 (base 9) to base 6
1420122
What is 430410042 (base 5) in base 14?
3518b4
What is 9552446 (base 11) in base 16?
100bd69
7376d2 (base 14) to base 9
7304532
What is 4615785 (base 9) in base 2?
1001100000001000011100
What is -54295a (base 13) in base 2?
-111100010100101111011
Convert 636641 (base 11) to base 15.
151dc6
What is -1340672 (base 10) in base 9?
-2463045
What is -11200020201220 (base 3) in base 10?
-2484969
112211021220121 (base 3) to base 15
a59797
-131323102 (base 4) to base 5
-12410303
What is -8b9068 (base 15) in base 16?
-65a8cc
121d8e (base 16) to base 2
100100001110110001110
What is -104a93 (